) = x**3 - 2. Let b be a(2). Let h = -10 + b. Let i be 22/(-1)*2/h. Calculate the highest common divisor of i and 99.
11
Let f(h) = -h**2 - 3*h + 5. Suppose 3*u - 6*u - 12 = 0. Let t be f(u). Calculate the greatest common factor of t and 3.
1
Let s be 4 - 252/(-2) - -3. Let q = 28 + -25. Suppose 2*i + 2*n - 48 = -2*n, 0 = 5*i - q*n - s. What is the greatest common divisor of 234 and i?
26
Let q be 5*(-8)/(-40) + 550. What is the greatest common divisor of 19 and q?
19
Suppose -3*v - 5*x + 55 = 0, 5*v + 8 - 87 = -2*x. Suppose 0*w + 4*w - 20 = 0. Suppose w*q - 12 - 138 = 0. Calculate the greatest common divisor of v and q.
15
Suppose 2*w - 175 = 77. Calculate the greatest common factor of w and 36.
18
Let t = 29 - 16. Suppose 24*h - 847 = t*h. What is the highest common divisor of 22 and h?
11
Suppose 12*k - 7 = 21*k - 124. Let m(z) be the first derivative of -7*z**2/2 - 3*z + 1. Let x be m(-6). What is the highest common divisor of x and k?
13
Let o = -13 - -31. Suppose -10 = -9*c + 8. Suppose 0 = -c*r + 4*r - o. Calculate the highest common factor of r and 81.
9
Let n = 122 + -84. Suppose -82*v + 87*v - 2*r = 56, -2*v + 14 = 2*r. Suppose n = 2*o - v. What is the highest common divisor of 3 and o?
3
Suppose 30 = -u - 2*u. Let s = u - -12. Suppose s*q = -3 + 5. What is the highest common factor of q and 1?
1
Suppose 0 = -h + 3 - 8. Let j be 17 - h/(25/(-10)). What is the highest common divisor of 30 and j?
15
Suppose -3*c - 5*f + 120 = 0, -2*f - 3*f = -3*c + 150. Suppose -8 - 22 = -z. Calculate the highest common factor of c and z.
15
Suppose 7*o + 3*t = 4*o - 6, 0 = -2*o - 4*t - 4. Let n be (-3)/o*(-16)/(-3). Let k = 27 - 11. Calculate the greatest common divisor of n and k.
8
Let v = 197 - 179. Let r(o) = -5*o + 2*o - o - 3. Let g be r(-3). What is the greatest common factor of g and v?
9
Let v be 94/((10/50)/(48/15)). What is the highest common divisor of v and 32?
32
Suppose -4*j + 3 = z - 6, -2*j + z = -9. Suppose j*n = 7*n - 68. Calculate the greatest common divisor of 187 and n.
17
Suppose 0 = -19*h + 3294 - 330. Let p be -3 - -6 - (-8 - 1). Calculate the greatest common divisor of h and p.
12
Suppose 4*o = -4*j - o + 28, -o + 6 = j. Suppose -j*f = -h - 13, -h + 7 = -2*f - 4*h. Let g be (f*90)/5 + -3. What is the highest common factor of g and 46?
23
Let i(d) = -5*d + 6. Let x = 10 + -13. Let n = x - 3. Let o be i(n). Calculate the highest common divisor of 18 and o.
18
Let y be (10/4)/(5/(532 + -2)). Suppose f + 454 = 5*d + 5*f, -3*d = -5*f - y. Calculate the highest common divisor of 36 and d.
18
Let g be 5/2*16/20. Let d(c) = 69*c - 3. Let s be d(g). Calculate the highest common divisor of 15 and s.
15
Suppose 0 = 2*x - 11*v + 12*v - 3, -4*v + 7 = 3*x. Calculate the highest common divisor of 5 and x.
1
Let y be 450 - (7 + 1) - 8. What is the highest common divisor of 186 and y?
62
Let x(h) = 8*h + 4. Let t be x(2). Let u be 10*-4*(-3)/t. Calculate the highest common factor of u and 4.
2
Let p be 4*((-34)/(-10) + 27/45). What is the greatest common factor of 512 and p?
16
Suppose 3*t = -2*t + 1040. Calculate the highest common factor of t and 16.
16
Let j = 18 + 137. Let k = j + 103. Let b = k + -159. What is the highest common factor of 9 and b?
9
Let b be 7*1 + (-3 - 0). Let m(g) = -4*g + 24. Let v be m(b). What is the highest common divisor of 88 and v?
8
Let h = 76 + -634. Let n(y) = -384*y**2 + 2*y + 3. Let a be n(-1). Let s = a - h. What is the greatest common divisor of s and 25?
25
Let f be (44*1)/(7/((-168)/(-6))). Let v(d) = 3*d - 8. Let q be v(8). Calculate the greatest common factor of f and q.
16
Let x(r) = 8*r**2 + r + 1. Let s(f) = -f**3 - 4*f**2 - f - 5. Let o be s(-4). Let t be x(o). Calculate the greatest common factor of t and 8.
8
Let r = 11 + -6. Suppose 75 - 15 = r*x. Let p(h) = -h**2 - 12*h + 57. Let m be p(-15). Calculate the greatest common factor of m and x.
12
Let a = -78 + 100. Calculate the greatest common factor of 176 and a.
22
Suppose 5*i + 5*n - 4340 = 0, 0 = 8*i - 11*i + 4*n + 2618. Calculate the highest common factor of i and 90.
30
Let n be (792/40)/((-6)/20). Let c = n + 84. What is the greatest common factor of 18 and c?
18
Suppose -4*d = -4*f + 76, -8 = 5*f + d - 133. Let b be (-4)/(-10)*(-120)/(-2). What is the greatest common factor of f and b?
24
Let d = 60 + 111. Calculate the highest common divisor of 38 and d.
19
Let k(j) = -2*j**3 - 6*j**2 + 3*j - 18. Let z be k(-5). Suppose 0 = 4*h + 19 - z. Let a be 662/5 - 2/5. Calculate the highest common factor of h and a.
12
Let j(p) = 2*p**2 + 13*p + 7. Let b be j(-6). Let q be (1 - 4)/b*(-224)/84. What is the greatest common divisor of 1 and q?
1
Suppose -2*c - 5*k = -75, -4*k - 75 - 72 = -3*c. What is the greatest common factor of 63 and c?
9
Let l = -2 - -6. Suppose -z + l*w - 3 = 5*w, -z + 3*w + 1 = 0. Let f be 1 - ((-22 - z) + 3). Calculate the greatest common factor of 45 and f.
9
Let t = 791 + -710. Calculate the greatest common factor of 15 and t.
3
Let h = 61 - 5. What is the highest common divisor of 8 and h?
8
Let s be 4/(-10) + 512/(-20). Let r = 56 + s. Let y(b) = b**2 + 14*b + 19. Let a be y(-13). What is the greatest common divisor of a and r?
6
Suppose 107*j = 7593 - 317. Suppose -2*l + 6*l = -c - 6, 5*c + 30 = 2*l. Let a(k) = -27*k + 8. Let u be a(c). What is the highest common factor of j and u?
34
Let l = -306 + 513. Let a(q) = 211*q + 5087. Let j be a(-24). Calculate the greatest common factor of l and j.
23
Suppose -42 - 38 = -5*w - 5*i, -64 = -4*w - 3*i. Calculate the highest common divisor of 192 and w.
16
Let v = 17 - 14. Suppose 3*a + 51 = 2*k, v = -k + 3*a + 21. Calculate the highest common factor of k and 11.
11
Suppose 0 = 67*m - 57*m - 120. What is the highest common divisor of 108 and m?
12
Suppose -5*v - 20 = -3*v. Let b be (8/v)/((-2)/5). Suppose -5*k + 2*j + 17 = 0, -3*j = -k + b*k - 17. What is the highest common divisor of 55 and k?
5
Suppose -4*z = 3*m - 324, 3*z + 2*m - 269 + 27 = 0. What is the greatest common factor of z and 351?
39
Let j(g) = 3*g + 111. Let t be j(0). Suppose -4*o + 65 = -t. What is the highest common factor of 55 and o?
11
Let f = 308 + -249. Calculate the highest common factor of f and 413.
59
Let g(w) = -7*w - 44. Let f be g(-20). What is the highest common divisor of f and 1248?
96
Let d = -22636 - -22653. Suppose 4*v - 159 = -b + 178, -325 = -4*v - 5*b. Calculate the greatest common factor of v and d.
17
Let q(i) = -8*i - 373. Let z be q(-49). Calculate the highest common factor of 209 and z.
19
Let w(b) = 3*b**2 - 37*b + 39. Let f be w(12). What is the greatest common divisor of f and 2214?
27
Let t(z) = 42*z + 283. Let v be t(-6). Calculate the greatest common divisor of 341 and v.
31
Let q = 79 - 70. Let j(o) = -17*o + 0 + 2 - 18*o. Let b be j(-2). Calculate the highest common divisor of q and b.
9
Suppose 0 = 3*x + 5 + 7, 0 = 4*f - 3*x - 104. Let a be 3/(-6)*-6*1. Suppose -107 - 100 = -a*k. Calculate the highest common divisor of k and f.
23
Let s = -91 - -76. Let g be s/75 - 652/(-10). What is the highest common divisor of g and 13?
13
Suppose 5*s - 1463 = -y + 100, s + 4*y = 324. What is the greatest common factor of 6 and s?
6
Let j be 9*26/6*1. Let x be 39/65 - 127/(-5). What is the highest common divisor of j and x?
13
Suppose 2*n - 17 = 7. What is the greatest common divisor of 156 and n?
12
Let n be 5/15 + 50/3. Suppose n*g + 200 = 21*g. Calculate the greatest common divisor of 50 and g.
50
Let m(b) = 9*b**2 - 6*b - 5. Let j be m(5). Suppose -h - h = -j. Calculate the greatest common divisor of 38 and h.
19
Let t = 2558 - 2450. What is the highest common divisor of t and 192?
12
Let c(z) = -23*z**3 - z + 1. Let i be c(-3). Calculate the greatest common factor of 25 and i.
25
Let y(n) = -6*n + 2. Let j be y(2). Let m(r) = 90836 - 90850 - 6*r + r. Let z be m(j). Calculate the greatest common divisor of z and 108.
36
Suppose 310 = 5*b + 2*i, -i + 0*i + 251 = 4*b. What is the greatest common factor of 448 and b?
64
Let n = 9146 + -6340. Calculate the greatest common divisor of 122 and n.
122
Suppose 9 = -u + 14, -u = 5*j - 2045. What is the highest common factor of 72 and j?
24
Suppose 0 = -5*z + a + 2, a - 3*a = 4. Let v = -4 - z. Let b be 10/4*(v + 48). What is the highest com